s divided by 77?
76
What is the remainder when 23581 is divided by 761?
751
Calculate the remainder when 206172 is divided by 544.
540
Calculate the remainder when 945035 is divided by 276.
11
What is the remainder when 31061 is divided by 9?
2
What is the remainder when 39471 is divided by 13144?
39
What is the remainder when 383 is divided by 182?
19
What is the remainder when 641433 is divided by 1520?
1513
Calculate the remainder when 7541 is divided by 626.
29
What is the remainder when 18581 is divided by 142?
121
What is the remainder when 142520 is divided by 68?
60
What is the remainder when 937691 is divided by 16?
11
What is the remainder when 3880 is divided by 271?
86
Calculate the remainder when 3095524 is divided by 25.
24
Calculate the remainder when 7668 is divided by 450.
18
Calculate the remainder when 7174018 is divided by 551.
549
Calculate the remainder when 3223 is divided by 880.
583
Calculate the remainder when 8639 is divided by 5.
4
Calculate the remainder when 3792 is divided by 3783.
9
What is the remainder when 593241 is divided by 5393?
11
Calculate the remainder when 164084 is divided by 72.
68
Calculate the remainder when 25092 is divided by 68.
0
What is the remainder when 1086 is divided by 736?
350
Calculate the remainder when 63576 is divided by 1009.
9
Calculate the remainder when 319952 is divided by 657.
650
Calculate the remainder when 2536 is divided by 159.
151
What is the remainder when 6743 is divided by 85?
28
What is the remainder when 28191 is divided by 163?
155
Calculate the remainder when 1761 is divided by 434.
25
What is the remainder when 44380 is divided by 32?
28
Calculate the remainder when 11741 is divided by 53.
28
What is the remainder when 9181 is divided by 103?
14
What is the remainder when 5717 is divided by 762?
383
Calculate the remainder when 87540 is divided by 1029.
75
Calculate the remainder when 1193 is divided by 585.
23
Calculate the remainder when 23919 is divided by 415.
264
What is the remainder when 1143 is divided by 21?
9
Calculate the remainder when 351491 is divided by 475.
466
What is the remainder when 23532 is divided by 280?
12
What is the remainder when 4908558 is divided by 40?
38
What is the remainder when 418857 is divided by 30?
27
Calculate the remainder when 14999 is divided by 12.
11
Calculate the remainder when 1520 is divided by 894.
626
Calculate the remainder when 76753 is divided by 624.
1
What is the remainder when 8856 is divided by 52?
16
Calculate the remainder when 20958 is divided by 16.
14
What is the remainder when 9225 is divided by 1536?
9
What is the remainder when 4354 is divided by 71?
23
What is the remainder when 7512 is divided by 40?
32
What is the remainder when 17338 is divided by 79?
37
What is the remainder when 33675 is divided by 90?
15
What is the remainder when 9257 is divided by 162?
23
Calculate the remainder when 17054 is divided by 5538.
440
What is the remainder when 246891 is divided by 195?
21
What is the remainder when 11204 is divided by 33?
17
What is the remainder when 1985 is divided by 165?
5
Calculate the remainder when 1260 is divided by 271.
176
Calculate the remainder when 35369 is divided by 35332.
37
What is the remainder when 6407 is divided by 255?
32
Calculate the remainder when 731 is divided by 202.
125
What is the remainder when 18615 is divided by 365?
0
What is the remainder when 47283 is divided by 15757?
12
What is the remainder when 522 is divided by 116?
58
Calculate the remainder when 1198 is divided by 236.
18
What is the remainder when 1585223 is divided by 1074?
1073
What is the remainder when 81371 is divided by 58?
55
Calculate the remainder when 3473 is divided by 82.
29
Calculate the remainder when 44746 is divided by 25.
21
What is the remainder when 8369 is divided by 289?
277
Calculate the remainder when 35246 is divided by 23.
10
Calculate the remainder when 841 is divided by 753.
88
What is the remainder when 273 is divided by 95?
83
What is the remainder when 18910 is divided by 752?
110
What is the remainder when 183296 is divided by 65?
61
What is the remainder when 29274 is divided by 6?
0
Calculate the remainder when 40137 is divided by 266.
237
What is the remainder when 195596 is divided by 17?
11
Calculate the remainder when 28660 is divided by 243.
229
Calculate the remainder when 518543 is divided by 24.
23
What is the remainder when 4788 is divided by 2193?
402
What is the remainder when 965 is divided by 18?
11
What is the remainder when 4381 is divided by 106?
35
Calculate the remainder when 17440 is divided by 671.
665
What is the remainder when 34332 is divided by 51?
9
What is the remainder when 13276 is divided by 6636?
4
Calculate the remainder when 23824 is divided by 27.
10
Calculate the remainder when 219146 is divided by 132.
26
What is the remainder when 667 is divided by 224?
219
What is the remainder when 10006 is divided by 156?
22
Calculate the remainder when 3489 is divided by 324.
249
What is the remainder when 4993 is divided by 2473?
47
Calculate the remainder when 2026 is divided by 600.
226
Calculate the remainder when 24282 is divided by 184.
178
Calculate the remainder when 730942 is divided by 589.
582
Calculate the remainder when 67832 is divided by 357.
2
What is the remainder when 1025359 is divided by 531?
529
What is the remainder when 296 is divided by 143?
10
What is the remainder when 72633 is divided by 18151?
29
Calculate the remainder when 2066590 is divided by 28.
22
What is the remainder when 226068 is divided by 37676?
12
Calculate the remainder when 38702 is divided by 34.
10
Calculate the remainder when 151957 is divided by 1160.
1157
What is the remainder when 167024 is divided by 25?
24
What is the remainder when 116619 is divided by 49?
48
What is the remainder when 427 is divided by 95?
47
What is the remainder when 58834 is divided by 58783?
51
Calculate the remainder when 326466 is divided by 163232.
2
What is the remainder when 5173 is divided by 1432?
877
What is the remainder when 1912 is divided by 602?
106
What is the remainder when 38393 is divided by 38385?
8
Calculate the remainder when 1235 is divided by 202.
23
What is the remainder when 111220 is divided by 333?
331
What is the remainder when 65554 is divided by 3121?
13
What is the remainder when 6031 is divided by 433?
402
Calculate the remainder when 318094 is divided by 18.
16
What is the remainder when 38939 is divided by 220?
219
What is the remainder when 4315 is divided by 1433?
16
Calculate the remainder when 5970 is divided by 125.
95
Calculate the remainder when 4709 is divided by 2115.
479
Calculate the remainder when 272213 is divided by 4.
1
What is the remainder when 13559497 is divided by 250?
247
What is the remainder when 58525 is divided by 29250?
25
What is the remainder when 7446724 is divided by 65?
64
What is the remainder when 1235 is divided by 262?
187
What is the remainder when 11174 is divided by 639?
311
What is the remainder when 2688 is divided by 667?
20
What is the remainder when 4137 is divided by 1250?
387
Calculate the remainder when 260954 is divided by 28992.
26
What is the remainder when 5205 is divided by 19?
18
Calculate the remainder when 3189 is divided by 968.
285
What is the remainder when 2750 is divided by 213?
194
Calculate the remainder when 37295 is divided by 4.
3
What is the remainder when 841 is divided by 39?
22
What is the remainder when 12618 is divided by 4157?
147
What is the remainder when 666 is divided by 168?
162
What is the remainder when 222712 is divided by 21?
7
Calculate the remainder when 4703 is divided by 1178.
1169
What is the remainder when 36733 is divided by 82?
79
Calculate the remainder when 775 is divided by 197.
184
Calculate the remainder when 167 is divided by 10.
7
What is the remainder when 3534352 is divided by 541?
540
Calculate the remainder when 5890 is divided by 5786.
104
What is the remainder when 2595 is divided by 771?
282
What is the remainder when 1045 is divided by 223?
153
Calculate the remainder when 11459 is divided by 5.
4
Calculate the remainder when 12052 is divided by 209.
139
Calculate the remainder when 10661 is divided by 181.
163
Calculate the remainder 